 k(q)?
5
Let o be 0/((1 + 1)/2). Suppose 3*j + o*j - 24 = 0. What is the units digit of j?
8
Suppose -a + 4 = 0, 39 = 5*k + 3*a - 23. What is the tens digit of k?
1
Let r be 68/18 + (-2)/(-9). Let b = 5 + 1. Suppose -y = -3, r*s + y + 3 = b*y. What is the units digit of s?
3
Let q be 98/3 - 5/(-15). Suppose -3*r = q - 135. What is the tens digit of r?
3
Let a(c) = 346*c**2 - 8*c + 1. What is the tens digit of a(-1)?
5
Let v(n) = 55*n**2 + 2. What is the hundreds digit of v(2)?
2
Let t be (-4032)/(-30) + (-4)/10. Suppose -5*a + t = -31. What is the units digit of a?
3
Let d(h) = -8*h - 10. Let c be d(-7). Let r = 70 - c. What is the units digit of r?
4
Let b(f) = f - 6. Let w be b(6). Suppose 3*n - o + 0*o = 75, w = 2*n - 4*o - 50. What is the units digit of n?
5
Suppose 10 = -n + 2*p, 4 + 1 = -5*n - 5*p. Let d = -6 - n. What is the units digit of (2*-1)/d + 4?
5
Suppose -2*j = -v - 216, -v + 540 = 5*j - 6*v. What is the tens digit of j?
0
Suppose 20 = -0*c + 4*c. Suppose s + 19 = c*g, -9 = 2*s - 4*g + 5. Suppose 5*n = d - s, -d + 2*d + 3*n = 25. What is the units digit of d?
6
Let t = 86 + -56. What is the tens digit of t?
3
Suppose -2*u + 2*y + 165 = y, -4*u = 2*y - 342. Suppose u = 4*q + n, -2*n - 8 = 2*q - 44. What is the tens digit of q?
2
Let i(r) = -r**3 - r**2 - r. Let n be i(-3). Let x = 43 - n. What is the units digit of x?
2
Let t(j) = j + 4. Let v be t(3). Suppose -2*y + 2 + 14 = 0. Let w = y - v. What is the units digit of w?
1
Let q = -5 - -7. Suppose q*n - 9 = -n. Suppose 0*s = -n*s + 12. What is the units digit of s?
4
Let n be (45/(-6) - -2)*-4. Let f = -15 + n. What is the units digit of f?
7
Let o = 6 - 2. Let h be o/(-3)*(-3)/2. Suppose h*b + 2*f + 1 = 3*b, -4*b - 2*f = -4. What is the units digit of b?
1
Suppose 0 = k + 2 + 1. Let m(z) = -4 - 5 - 4*z + 4 + 4. What is the tens digit of m(k)?
1
Suppose 5*w + 549 = 4*d, 5*d - w + 4*w - 677 = 0. What is the units digit of d?
6
Let m = 2 + 13. What is the units digit of m?
5
Let l(s) = -2*s - 3. Let f = -6 - -10. Suppose 4*q - 2*a = -14, 3*q - q = -2*a - f. What is the units digit of l(q)?
3
Let m(z) = -z**3 + 11*z**2 - 8. Let i be m(11). Let f(k) = k**3 + 7*k**2 - 9*k. What is the units digit of f(i)?
8
What is the units digit of (-62)/(-2) + 10/5?
3
Suppose -5*x = 3*z - 12 - 22, x - 3*z - 14 = 0. Let n be (-2)/1*8/(-8). Suppose -n = 3*f - x. What is the units digit of f?
2
Let o = 28 - -9. Let f = -21 + o. What is the tens digit of f?
1
Let v = 2 + 2. Suppose v*f - 4*a - 124 = 0, a - 56 = 3*f - 5*f. What is the tens digit of f?
2
Suppose -5*s - u = -4*u - 395, 4*s - 316 = -4*u. What is the tens digit of s?
7
What is the units digit of (-38)/4*(-96)/16?
7
Let n(u) = -u**3 - 9*u**2 - 8*u - 10. Let j be n(-7). Let a = j + 88. What is the units digit of a?
6
Let t = 30 + -20. Suppose 3*l = -2*l + t. What is the tens digit of 24 + (4/(-1))/l?
2
What is the tens digit of 54/(-36)*244/(-3)?
2
Suppose 9*q = 6*q + 240. What is the tens digit of q?
8
Let r = 2 + -1. Let x = r - -3. What is the units digit of x?
4
Suppose r = -r. Suppose -4*t - 68 = -4*m, -t = 2*m - r*t - 34. What is the units digit of m?
7
Let j(g) = 42*g**3 - g**2 + 2*g - 1. Let i(u) = -u**2 + 15*u + 17. Let b be i(16). What is the units digit of j(b)?
2
Suppose -104 = d - 5*d. Let v = d + -15. Suppose y - v = -2*h, -2*y = -3*h - 0*h + 6. What is the units digit of h?
4
Suppose 2*y - 2*x - 71 = 31, 5*x = -3*y + 129. Suppose 0 = 4*l - 3*w - y, 0*l + w - 19 = -l. What is the units digit of l?
5
Let f(a) = 3*a**2 + 5*a - 2. What is the units digit of f(4)?
6
Suppose 0*c - 66 = -2*c. What is the units digit of c?
3
Let x be (5/(-10))/(2/8). What is the units digit of 1/x*2*-5?
5
Suppose -5*q + 4*w + 20 + 5 = 0, 4*w = 0. Suppose -i + 4 = -q. What is the units digit of i?
9
Let g = 28 - 15. What is the units digit of g?
3
Suppose 0 = 2*s - 0 + 14. Let l be (s - -11)*(-1)/(-2). What is the units digit of (-39)/(-12) + l/(-8)?
3
Suppose -s + 3*s + 24 = 0. Let f = 0 - s. What is the units digit of f?
2
Let j be ((-5)/(-2))/((-2)/(-4)). Suppose -j*t - 2*x - 33 + 7 = 0, 0 = 3*t + 5*x + 27. What is the units digit of (1 - -1)*(-14)/t?
7
What is the tens digit of 1*(-160)/((-12)/3)?
4
Let w = -19 + 21. Suppose 4 = -w*f + 24. What is the units digit of f?
0
Let t(d) = 10*d**2 + 4*d + 2. What is the tens digit of t(-2)?
3
What is the units digit of (0 - -2)*6/6 - -41?
3
Suppose -2*t + 3*t - 28 = 0. What is the units digit of t?
8
Let f(z) = 1 + 2 + 3*z - 2*z. Let i(d) = d**2 - 2*d - 4. Let j be i(4). What is the units digit of f(j)?
7
Suppose -f + 14 = -5*u, 5*u = -4*f + 2*u + 10. Suppose f*v = 3*a + 5*v - 13, 0 = -4*a - v + 19. What is the units digit of (-50)/(-3) - a/(-18)?
7
Suppose 3*q + 4*a = -12, 0*a + 3 = -2*q - a. Suppose 0 = -2*s + 5*s + 15. What is the units digit of q - s - (0 + 0)?
5
Let d(k) = -k + 22. Let y be d(26). Let g = -2 - -5. What is the tens digit of (-8)/((-10)/y - g)?
1
What is the units digit of 3 + 1 + 8*4 + -1?
5
Suppose u - 3*u = -36. Suppose 0 = -q + 3*q - u. What is the units digit of q?
9
What is the tens digit of (22/(-6))/(3/(-9))?
1
Let d = 11 - 9. Suppose d*k = 11 + 25. What is the units digit of k?
8
Let z be (-1)/(-2) - 63/2. Let v = -3 - z. What is the units digit of v?
8
What is the units digit of ((-102)/(-8))/(27/144)?
8
Suppose -a - 282 = -d, 3*d - 846 = 10*a - 5*a. What is the units digit of d?
2
What is the tens digit of (-3)/7 + 412/14?
2
Suppose -3*y = -7*y + 24. What is the units digit of (-8)/(-3) + 2/y?
3
Let r(n) = n**3 - 5*n**2 + 6*n - 6. Let s be r(4). Suppose -s*x = -x. Suppose 0*a - 2*a + 18 = x. What is the units digit of a?
9
Let r(c) = 32*c**2 + c + 2. What is the units digit of r(-1)?
3
Suppose 5*z - 4*x = -12, -4*z - 5*x + 7 + 8 = 0. Suppose z*i = -3*i + 66. What is the units digit of i?
2
Suppose -5*k - 28 - 32 = 0. Let q be ((-6)/k)/((-1)/(-8)). Let w(y) = y**2 - y - 5. What is the units digit of w(q)?
7
Suppose 2*w = -q + 5*q + 54, 3*w - 4*q = 89. What is the units digit of w?
5
Suppose -15 = -3*a + 78. What is the tens digit of a?
3
Let j be 8/3 + 3/9. Suppose 51 + 83 = j*r - 5*l, -3*l = -r + 50. What is the tens digit of r?
3
Let v = -125 + 221. Let y = 138 - v. What is the units digit of y?
2
Let c = -5 + 7. What is the units digit of c/13 + (-2170)/(-91)?
4
Let y(h) = h**2 - 4*h + 4. Let s be y(3). Let j = 6 - s. Suppose a - j*a = 4*v - 16, -5*v - a = -28. What is the units digit of v?
6
Suppose 9*c - 72 = 7*c. What is the tens digit of c?
3
Let s = 220 + -45. What is the tens digit of s?
7
Suppose 2 = -0*a + a. Suppose 2*r - 55 = -a*w - 3*w, 0 = r - w - 45. Suppose 0 = -10*f + 5*f + r. What is the units digit of f?
8
Suppose 9*x = 10*x - 11. What is the tens digit of x?
1
Let v(y) be the first derivative of -y**3/3 + 9*y**2/2 - 5*y + 1. What is the units digit of v(7)?
9
Let a(f) = -f**2 - 6*f + 1. Let p be a(-6). Let w = p - 4. Let k = 7 - w. What is the tens digit of k?
1
Suppose 4*n + 1 = 13. What is the units digit of n?
3
Suppose 2*i + 6 = 2. What is the units digit of 1*-3 - (i - 5)?
4
Let o = -474 + 706. What is the hundreds digit of o?
2
Suppose 4*w - 2*f + 52 = -f, -5*f - 48 = 2*w. Let p = 23 + w. What is the units digit of p?
9
Let p(i) = -i**3 + 3*i**2 + 2*i - 1. Let t be p(3). Let w(a) = 2*a**2 - 4*a + 1. What is the units digit of w(t)?
1
Let o(p) = 2*p**2 + 1. What is the units digit of o(2)?
9
Let t(n) = n - 5. Let v be t(8). Suppose -v*b = -0 - 27. What is the units digit of b?
9
Let k(w) = w**2 + 2*w. Let y be k(-2). Suppose -2*x - 4*a - 24 = y, 0 = 5*x - 3*a + 19 + 28. What is the tens digit of (-5)/x + 38/4?
1
Let l be (-3)/(-1) + -6 - -38. What is the units digit of 2/(-7) - (-290)/l?
8
Let c(z) = 3*z + 7. Let o(j) = 13*j + 29. Let n(u) = -9*c(u) + 2*o(u). Let k be n(-4). What is the units digit of 2 + (0/k)/1?
2
Let t(g) = 9 - 3*g + 1 - g**2 - 3. Let k be t(-5). What is the units digit of k/2*(-120)/18?
0
What is the units digit of (0/3 - 2)*-15?
0
Suppose -1 = q + 2, 0 = 3*b - 3*q - 612. What is the units digit of b?
1
Suppose 0 = -5*d - 3*i - 271, 4*d + 5*i = -10 - 199. Let k = -37 - d. What is the units digit of k?
9
Let u(j) = 5*j**3 - 2*j**2 + j. Let f be u(1). Suppose -6*b + 5*b + f = 0. Suppose -b*l = -2*l - 18. What is the units dig